Is 8813 prime?
False
Is 160519 prime?
False
Is 22739 prime?
True
Is 118793 composite?
True
Is 2037611 composite?
False
Is 57801 a composite number?
True
Is 595237 a composite number?
True
Is 31511 a composite number?
False
Is 4754227 composite?
False
Is 389 a composite number?
False
Is 28123 a composite number?
False
Is 234457 composite?
False
Is 84377 a composite number?
False
Is 3797 a prime number?
True
Is 444217 a composite number?
True
Is 460327 a prime number?
False
Is 83959 prime?
False
Is 421891 prime?
True
Is 231169 a composite number?
False
Is 10007 prime?
True
Is 109001 prime?
True
Is 116417 composite?
True
Is 24499 a prime number?
True
Is 9961 prime?
False
Is 160967 prime?
True
Is 37691 a composite number?
False
Is 215053 composite?
True
Is 213821 composite?
False
Is 8683 prime?
False
Is 19843 composite?
False
Is 10037 prime?
True
Is 677337 a prime number?
False
Is 17527 a composite number?
True
Is 2978533 composite?
False
Is 184209 a composite number?
True
Is 11671 a composite number?
True
Is 943 prime?
False
Is 48407 a prime number?
True
Is 3407 prime?
True
Is 306271 a composite number?
True
Is 1530779 composite?
False
Is 57595 a composite number?
True
Is 44537 a composite number?
False
Is 496073 prime?
True
Is 317 prime?
True
Is 80107 a composite number?
False
Is 12989 a prime number?
False
Is 44839 composite?
False
Is 1151 composite?
False
Is 7331 prime?
True
Is 2809 a composite number?
True
Is 320653 composite?
True
Is 73303 composite?
False
Is 2927 a composite number?
False
Is 518827 prime?
False
Is 2503 prime?
True
Is 1361 prime?
True
Is 62729 composite?
True
Is 6841 a prime number?
True
Is 138011 a composite number?
True
Is 2843 composite?
False
Is 114451 a composite number?
False
Is 66977 prime?
True
Is 130841 prime?
True
Is 2241881 a prime number?
True
Is 27361 a prime number?
True
Is 4097 a composite number?
True
Is 112883 a composite number?
True
Is 29765 prime?
False
Is 20017 a prime number?
False
Is 30757 prime?
True
Is 1801 prime?
True
Is 453899 composite?
True
Is 8269 prime?
True
Is 210251 a composite number?
True
Is 45277 a composite number?
True
Is 50087 composite?
False
Is 691 composite?
False
Is 2941 a prime number?
False
Is 360193 prime?
True
Is 821 prime?
True
Is 7817 prime?
True
Is 4661773 composite?
False
Is 9587 a composite number?
False
Is 70739 prime?
False
Is 683282 prime?
False
Is 742477 a composite number?
True
Is 233623 a prime number?
False
Is 199 a composite number?
False
Is 19559 prime?
True
Is 46203 a composite number?
True
Is 20323 prime?
True
Is 109 a composite number?
False
Is 182113 a prime number?
False
Is 12689 a composite number?
False
Is 91631 a prime number?
True
Is 1423077 prime?
False
Is 105295 composite?
True
Is 630899 prime?
True
Is 156049 prime?
False
Is 3011 a prime number?
True
Is 1921 a composite number?
True
Is 27595 a composite number?
True
Is 157699 prime?
False
Is 82549 composite?
False
Is 32531 a prime number?
True
Is 11099 composite?
True
Is 324359 prime?
False
Is 16715 composite?
True
Is 30985 a composite number?
True
Is 138863 a prime number?
True
Is 53479 a composite number?
False
Is 3691 composite?
False
Is 7451 prime?
True
Is 34583 prime?
True
Is 74031 prime?
False
Is 252489 prime?
False
Is 626443 composite?
False
Is 307631 composite?
False
Is 23087 prime?
True
Is 1189623 a composite number?
True
Is 1163 prime?
True
Is 1207 composite?
True
Is 40159 a prime number?
False
Is 1136885 a prime number?
False
Is 22897 composite?
True
Is 180277 prime?
False
Is 513431 a composite number?
False
Is 128411 a prime number?
True
Is 176117 a composite number?
True
Is 85165 a composite number?
True
Is 11719 a composite number?
False
Is 5951 a prime number?
False
Is 35791 prime?
False
Is 907 a composite number?
False
Is 126823 composite?
False
Is 29503 a prime number?
False
Is 26711 a composite number?
False
Is 31429 a prime number?
False
Is 1976011 prime?
True
Is 10911 prime?
False
Is 1255997 a prime number?
True
Is 11311 composite?
False
Is 29819 a prime number?
True
Is 36169 composite?
True
Is 503443 prime?
False
Is 3907 a composite number?
False
Is 3158 a prime number?
False
Is 40387 composite?
False
Is 37403 a prime number?
False
Is 2903 a composite number?
False
Is 21241 a prime number?
False
Is 22513 a composite number?
True
Is 3178401 prime?
False
Is 9391 prime?
True
Is 35051 a prime number?
True
Is 44857 prime?
False
Is 33038 a composite number?
True
Is 1133533 a composite number?
False
Is 105089 composite?
True
Is 901 a prime number?
False
Is 6599 a prime number?
True
Is 18071 composite?
True
Is 4861 a composite number?
False
Is 4681 a composite number?
True
Is 223423 prime?
True
Is 410181 a prime number?
False
Is 11465 composite?
True
Is 3900071 a composite number?
True
Is 17531 a composite number?
True
Is 33391 a composite number?
False
Is 30857 a prime number?
False
Is 12713 prime?
True
Is 2221 a prime number?
True
Is 38323 a composite number?
True
Is 74537 a composite number?
True
Is 12197 composite?
False
Is 167513 prime?
False
Is 364979 a prime number?
True
Is 1439 a composite number?
False
Is 35197 a composite number?
True
Is 5897 a composite number?
False
Is 39257 a prime number?
False
Is 2208035 a composite number?
True
Is 66029 a composite number?
False
Is 98179 a prime number?
True
Is 9677 composite?
False
Is 38543 composite?
False
Is 164471 a composite number?
False
Is 728187 composite?
True
Is 22433 composite?
False
Is 207007 a composite number?
True
Is 5227 a composite number?
False
Is 15403 a prime number?
False
Is 7552453 a prime number?
True
Is 69681 a prime number?
False
Is 135959 a prime number?
False
Is 1894247 composite?
False
Is 55231 composite?
True
Is 274361 a composite number?
False
Is 879 a composite number?
True
Is 713417 a composite number?
False
Is 379 a prime number?
True
Is 7711 composite?
True
Is 34211 a prime number?
True
Is 6613 a prime number?
False
Is 33281 a composite number?
True
Is 35023 a prime number?
True
Is 427307 a prime number?
True
Is 47099 prime?
False
Is 26954 a prime number?
False
Is 515751 a composite number?
True
Is 908465 a composite number?
True
Is 107699 a prime number?
True
Is 423821 composite?
True
Is 3262949 a composite number?
False
Is 146581 prime?
True
Is 226571 composite?
False
Is 3293 a prime number?
False
Is 87755 a composite number?
True
Is 11015 prime?
False
Is 28277 a prime number?
True
Is 26 a prime number?
False
Is 4034 composite?
True
Is 48239 a prime number?
True
Is 55291 composite?
False
Is 36607 composite?
False
Is 667207 composite?
True
Is 4174 composite?
True
Is 22469 a prime number?
True
Is 264731 a prime number?
True
Is 31201 prime?
False
Is 1003 a prime number?
False
Is 1802581 prime?
False
Is 246889 a composite number?
False
Is 878819 prime?
False
Is 161947 prime?
True
Is 18329 a composite number?
False
Is 16787 prime?
True
Is 2411 composite?
False
Is 211 a prime number?
True
Is 31121 composite?
False
Is 51923 composite?
True
Is 48695 composite?
True
Is 344923 prime?
False
Is 4963 a composite number?
True
Is 104849 prime?
True
Is 40246 prime?
False
Is 29683 a composite number?
False
Is 47623 a prime number?
True
Is 7745 composite?
True
Is 1614989 a composite number?
False
Is 1829 prime?
False
Is 111559 prime?
False
Is 284827 prime?
False
Is 18041 composite?
False
Is 72421 a prime number?
True
Is 16273 prime?
True
Is 16487 prime?
True
Is 87107 a prime number?
True
Is 90121 a prime number?
True
Is 16033 a composite number?
False
Is 20621 composite?
True
Is 119291 a prime number?
True
Is 410579 prime?
False
Is 7801 composite?
True
Is 3691 a prime number?
True
Is 176141 a composite number?
True
Is 119891 a prime number?
True
Is 13285 prime?
False
Is 121357 composite?
False
Is 6761 composite?
False
Is 636403 composite?
False
Is 237593 composite?
True
Is 424613 a composite number?
True
Is 47522 a composite number?
True
Is 397 composite?
False
Is 1277 composite?
False
Is 11283 composite?
True
Is 19031 composite?
False
Is 26357 prime?
True
Is 27826 prime?
False
Is 476285 a prime number?
False
Is 17999 a composite number?
True
Is 3791 a composite number?
True
Is 12889 composite?
False
Is 211867 a prime number?
True
Is 72113 prime?
False
Is 34693 a composite number?
False
Is 415687 a prime number?
True
Is